 8*g + 3. Suppose 9 = 3*c, -6*v - 4*c + 6 = 30. What is l(v)?
15
Let g(r) = 7*r**2 - 27*r. Let t(h) = 2*h**2 - 13*h. Let w(q) = -g(q) + 2*t(q). Give w(3).
-24
Let j(x) = -x**2 + 37*x + 32. Let r be j(38). Let t(b) = 3*b**2 + 18*b + 4. What is t(r)?
4
Let w(d) = -4*d**2 - 6*d + 0*d + 3*d**2 + 2633 - 6*d - 2651. What is w(-10)?
2
Suppose -181*y = 11*y - 960. Let r(i) = i**2 + 3*i + 5. Determine r(y).
45
Suppose -6 = -10*p + 13*p. Let g(j) = j + 10. Let t be g(-8). Let z(x) = 0 - x - t - 1. Calculate z(p).
-1
Let s(m) = 5*m**2 - m. Let o = 619 + -617. What is s(o)?
18
Let j be ((-8)/(-12))/((-509)/(-39) - 13). Let p(u) = -u**2 + 17*u - 3. Give p(j).
49
Let b(z) = 50*z + 5505. Let n be b(-110). Let x(f) = -29*f + 123. What is x(n)?
-22
Let a(h) = h**2 + h. Let k(u) = -5*u**2 - 9*u - 1. Let o be (-4)/(-12)*-9 + 9. Let d(y) = o*a(y) + k(y). Determine d(4).
3
Let r be (276/45 - 6) + (-2)/15. Let x(n) = -n**3 - n**2 - n - 17. Calculate x(r).
-17
Let z(r) be the second derivative of r**5/10 - r**4/2 + r**3/2 + r**2 + 3372*r. Calculate z(2).
0
Suppose -w + 4*r + 47 = 0, 4*w - 5*w - r + 52 = 0. Let o(j) = -104 + 49 + w - j. Determine o(-3).
-1
Let m(x) = -7*x**3 + 18*x**2 - 8*x + 3. Let p(y) = 8*y**3 - 20*y**2 + 8*y - 3. Let z(r) = 7*m(r) + 6*p(r). Determine z(2).
3
Let o be (30/(-25))/(6/20). Let p(d) = 17*d - 5. What is p(o)?
-73
Let c(v) = -2*v + v**2 + 2*v - 3. Suppose -f = 789*y - 793*y - 37, -f - y = 3. Calculate c(f).
22
Let d(r) = 1243*r**2 - 8 - 619*r**2 + 4*r - 625*r**2 + 3*r. Determine d(9).
-26
Let i be (1 - 182/4)/((-4)/(-16)). Let n = -184 - i. Let u(a) = -3*a - 3. Calculate u(n).
15
Let f(b) be the third derivative of b**5/60 + 5*b**4/6 - 50*b**3/3 - 1018*b**2. Determine f(4).
-4
Let v(m) be the first derivative of 2*m**3/3 - 4*m**2 - 1701. Determine v(2).
-8
Let v be -59 + (-7)/(28/(-12)). Let k = v + 57. Let q(c) = -1 - 2 - k + 6*c - 3*c. Give q(4).
8
Let a(k) = 22 + 15 - 8583292*k**2 - 11*k + 8583291*k**2. Calculate a(-15).
-23
Suppose 4*h - h = 0. Let v(l) = 4*l**3 + 58*l**2 + 14*l + 72. Let m(y) = -y**3 - 13*y**2 - 3*y - 18. Let w(i) = 9*m(i) + 2*v(i). Give w(h).
-18
Let u(y) = 2620*y**2 - 10*y - 2617*y**2 - 14*y + 12. Calculate u(7).
-9
Suppose -2*i + 7*i - 4*o = 5, 3*i = -o + 3. Let m(j) be the second derivative of -13/12*j**4 + 0*j**2 - 1/6*j**3 - 153*j + 0. Calculate m(i).
-14
Let v(f) be the second derivative of f**4/12 - 2*f**3 + 4*f**2 + 151*f. Let c = -238 - -249. Give v(c).
-3
Let u(a) = a**3 - 17*a**2 - 16*a - 22. Suppose -3*h + 42 = -3*x, 5*h - 98 = 3*x - 20. Calculate u(h).
14
Let l(j) be the third derivative of j**4/24 - 5*j**3/6 + 3*j**2. Let o be -3 + 1 - (2 - 5). Suppose 5*u - 32 + o = 2*h, 2*u - 7 = -h. Calculate l(u).
0
Let m(u) be the second derivative of -u**5/20 + 3*u**4/4 - 3*u**3/2 + 7*u**2/2 + 17*u. What is m(6)?
61
Let l(p) = -21*p**3 + 8*p**2 - 11*p + 7. Let n(u) = 5*u**3 + u. Let c(t) = -l(t) - 4*n(t). Give c(7).
-7
Let j be 2/(-9) + 29/9. Let d(l) = -2*l**2 + 3*l**2 - 9*l + 8*l**3 - l**j. Let k(q) = 4*q**3 - 5*q. Let m(n) = -3*d(n) + 5*k(n). Calculate m(-3).
-6
Let s(d) = d**2 - 8*d - 26. Let w(p) be the first derivative of 5*p**3/3 - 13*p**2/2 + 17*p + 58. Let f be w(2). Give s(f).
7
Let b(c) = c**2 - 8*c + 6. Suppose 9*k + 28 = -5*k. Let x be ((-28)/(-6) - 18/27) + k. Suppose -x*n - 4*n = -36. Give b(n).
-6
Let t = -28 - -7. Let h be t - (-8)/(-12)*3. Let j = h - -18. Let n(p) = -p**2 - 6*p + 1. Determine n(j).
6
Let v(y) = 4*y**2 - 3*y. Let i(a) = -2. Let g(q) = q**2 + 29*q - 295. Let c be g(8). Let j(l) = c*v(l) - 2*i(l). Calculate j(3).
31
Let z(h) = 4*h + 73. Suppose -8 = -11*k - 217. Give z(k).
-3
Let w(r) = 34*r. Suppose -80 = 2*y - 3*l, 3*y - 4*l + 11 + 108 = 0. Let o = -36 - y. Determine w(o).
34
Let c(p) = -p**2 + 34*p - 4*p**3 - p + 24 + 3*p**3 - 13*p**2. Let a be c(-16). Let j(s) = s - 5. Let r(g) = -2*g + 11. Let i(n) = 7*j(n) + 3*r(n). Give i(a).
6
Let o(f) = 20*f**3 + 21*f**2 - 8*f - 42. Let k(r) = 11*r**3 + 11*r**2 - 5*r - 21. Let h(a) = -11*k(a) + 6*o(a). Determine h(6).
-15
Let q(w) be the third derivative of 1/60*w**5 + 0 - 26*w**2 + 0*w - 7/24*w**4 + 7/6*w**3. Determine q(7).
7
Let c(b) be the first derivative of b**5/120 + b**3/3 - 14*b - 100. Let q(l) be the third derivative of c(l). Determine q(-8).
-8
Let p be 0 - (0 + 1) - (2 - 3). Let a(t) = 0 - 12 + p + t. What is a(8)?
-4
Let f = 3149/18930 - -1/3155. Let n(h) be the second derivative of 5/6*h**3 + f*h**4 + 0 + 3/2*h**2 - 10*h. What is n(-3)?
6
Let v(u) = -5*u + 1. Let w(n) = -5*n + 1. Let s(p) = -2*v(p) + 3*w(p). Suppose 279 = 2*q - 7*q + m, -3*q - 2*m = 170. Let d be 4*(q/32 - -2). Give s(d).
-4
Let x = 45 - 50. Let k(g) = g**2 - 3*g + 1. Let s(c) = c**2 - 6*c. Let i(a) = -4*k(a) + 3*s(a). What is i(x)?
1
Let o(r) be the second derivative of 1/30*r**5 + 19*r**2 - 1/4*r**4 + 21 + r + 1/6*r**3. Let k(m) be the second derivative of o(m). Give k(6).
18
Let i(r) = -r**2 - 128*r + 1520. Let y be i(-139). Let p(t) = 2*t**3 + 16*t**2 - 19*t - 3. Calculate p(y).
6
Suppose 1041*h - 9691 = 160*h. Let d(a) = -3*a**2 - 10*a - 14. Let t(z) = 2*z**2 + 10*z + 15. Let v(c) = -3*d(c) - 4*t(c). Calculate v(h).
-7
Let f(n) = n**2 - 16*n - 70. Let z(o) = -o**2 + 17*o + 70. Let l(t) = 2*f(t) + 3*z(t). Let s be l(-3). Let i(d) = 3*d - 8. What is i(s)?
4
Let f(m) = m**2 - 7*m + 8. Let y(z) = -z**2 + z - 5. Let r be y(5). Suppose 5*w + 28 - 181 = -2*t, 5*t = 5*w - 160. Let i = r + w. What is f(i)?
2
Suppose 12*c = 8*c, -35 = -5*p - 3*c. Suppose p*h + 6 = 10*h. Let z(a) = 4*a. Determine z(h).
8
Let j(i) = 13*i + 23. Let u(d) = 13. Let r(y) = -j(y) - u(y). Calculate r(-4).
16
Let p be 9 + 15 + (-23 - 1). Let s(j) = 92 + 0*j**2 - 11*j + 14*j - 18 + 5*j**2. Let t(z) = -2*z**2 - z - 25. Let g(m) = -3*s(m) - 8*t(m). What is g(p)?
-22
Let u = -921 + 1807. Let o(q) = -q**2 + q + u - q**3 - 886. Determine o(2).
-10
Let c(g) be the third derivative of -g**5/60 + 7*g**4/8 - 29*g**3/2 - 2*g**2 - 26*g. Determine c(16).
-7
Let t(f) = 18*f - 31. Let y(d) = -22*d + 28. Let z(h) = -6*t(h) - 5*y(h). Give z(-21).
4
Let j(h) be the first derivative of 4 - 1/120*h**5 + 1/4*h**4 - 5*h**3 + 0*h**2 + 0*h. Let c(k) be the third derivative of j(k). What is c(5)?
1
Let x(h) = -h**3 + 32*h**2 - 63*h + 81. Suppose m + o - 26 = -0*o, 82 = 3*m + 2*o. Give x(m).
-9
Let v(z) = -5*z**3 + 7*z**2 + 9*z + 4. Suppose 1 = y - 10. Let m(d) = -3*d**3 + 4*d**2 + 5*d + 2. Let k(x) = y*m(x) - 6*v(x). Calculate k(-2).
28
Let j(l) = -9*l**3 + 12*l**2 + 12*l + 1. Suppose -97*f - 246*f = 343. What is j(f)?
10
Let j be 393/(-1179)*((-2)/4 - 1). Let s(r) be the second derivative of 0 - 1/2*r**2 - 19*r - j*r**3. Determine s(-1).
2
Let u = 3420 - 3432. Let b(t) = -t**3 - 12*t**2 - 3*t - 36. What is b(u)?
0
Let i(k) = -k**3 + 2*k**2 + 2*k + 1. Let v = 41 + -39. Let u be i(v). Suppose 2*r - 7*r = 4*n + 17, -n + u*r = 23. Let f(m) = m**3 + 8*m**2. Determine f(n).
0
Let o(j) = 1 + 30*j - 12 + 1 - 18*j**2 - 22*j + 17*j**2. Let b be ((-32)/12)/(1/(-3)). Determine o(b).
-10
Let u(c) = -5*c - 12816*c**2 + 2*c**3 + 22 + 12827*c**2 - 3. What is u(-6)?
13
Let c(d) = d - 6. Let h be (2 - 7)*((-102)/30 - -3). Suppose 0 = -3*g, 3*g + 11 = 5*q - 69. Suppose 6 - q = -h*s. What is c(s)?
-1
Let h(b) be the second derivative of -b**3/6 + b**2 - 10*b. Suppose -5*z + 18 = -7*z. Let c be 9/(z/(-4)) + -7. Determine h(c).
5
Let z(p) = -30*p**3 + 2*p**2 - 10*p - 14. Let q(l) = 35*l**3 - 3*l**2 + 11*l + 16. Let s(j) = 5*q(j) + 6*z(j). What is s(-2)?
34
Let y(i) = 705*i - 3522. Let r(n) = 19*n - 95. Let m(v) = 75*r(v) - 2*y(v). Determine m(7).
24
Let m be 32/8 + -8 - -8. Let a(r) = 6*r - 8 - 3*r**2 - 15*r - m*r**2 + 10*r + 6*r**2. Calculate a(0).
-8
Let m(k) = 3*k**2 - 7*k + 9. Let o(a) = -626*a - 2503. Let d be o(-4). Give m(d).
5
Suppose 4*y - 8 = -2*k, -2*k = 9*y - 4*y - 9. Let h(v) be the second derivative of 34*v + k*v**2 + 0 - 1/6*v**3. Give h(-3).
7
Let f(m) = 2*m**3 + 347*m + 3*m**2 - 180*m - 168*m - m**3. Determine f(2).
18
Let k(t) = 2*t**2 - t - 5. Let f(m) = -m**2 + m + 4. Let n(z) = -6*f(z) - 5*k(z). Let a = 30394 - 30393. Give n(a).
-4
Let y(t) = t + 4. Let j(i) = i - 1. Let d(v) = 2*j(v) - y(v). Let m = 873 - 866. Give d(m).
1
Let c(z) = 5*z**2 - 44*z + 21. Let r(p) = p**2 - 9*p + 4. Let g(i) = 2*c(i) - 11*r(